9
Let g(l) = -19*l**3 + l**2 + l + 1. What is g(-1)?
20
Let z(k) = k**3 - 20*k**2 - 42. Give z(20).
-42
Let m(t) = -19*t + 115. Calculate m(6).
1
Let o(j) = -j**2 - 5*j - 2. Calculate o(-4).
2
Let t(s) = -18*s + 8. What is t(1)?
-10
Let a(y) = -9*y - 61. Give a(-6).
-7
Let y(t) = -2*t. Give y(-3).
6
Let a(n) = -9*n - 58. Calculate a(-10).
32
Let b(s) = 10*s + 300. Give b(-30).
0
Let d(b) = -12*b**3 + 3*b + 3. What is d(-2)?
93
Let o(d) = -4*d**2 - 2*d - 1. Calculate o(4).
-73
Let p(j) = -3*j**2 - 48*j - 41. Calculate p(-15).
4
Let y(t) = -3*t + 16. Give y(5).
1
Let h(g) = 6*g - 10. Determine h(4).
14
Let f(p) = 2*p**2 + 8*p + 3. What is f(-2)?
-5
Let q(g) = -33*g - 4. Calculate q(-1).
29
Let h(x) = 11*x + 8. Calculate h(-3).
-25
Let p(q) = -q**2 - 8*q + 8. Give p(-8).
8
Let c(x) = 9*x - 125. Determine c(14).
1
Let q(n) = -n**3 - 2*n**2 + 2*n + 4. Determine q(-6).
136
Let z(d) = -d**3 + 4*d**2 - d + 8. Calculate z(4).
4
Let f(y) = 4*y + 8. What is f(2)?
16
Let d(p) = -p - 31. Calculate d(-19).
-12
Let m(j) = -8*j**3 + 4*j**2 + 6*j + 3. Calculate m(-1).
9
Let z(f) = f**3 - 12*f**2 - 10*f - 4. Determine z(13).
35
Let o(a) = 24*a + 465. Give o(-19).
9
Let i(j) = j**3 - 3*j - 3. Calculate i(-2).
-5
Let y(s) = -s**3 + 21*s**2 + 24*s - 38. Calculate y(22).
6
Let n(w) = w**2 + w - 7. Determine n(-5).
13
Let h(o) = -10*o + 1. What is h(4)?
-39
Let u(t) = -9*t - 2. Determine u(3).
-29
Let n(o) = o**2 - 5*o. Give n(6).
6
Let v(m) = m**3 - 5*m**2 + 2*m + 7. Determine v(3).
-5
Let g(q) = q**2 + 16*q + 30. What is g(-8)?
-34
Let b(l) = l + 11. Determine b(-7).
4
Let n(x) = x**3 - 9*x**2 + 11*x + 6. What is n(6)?
-36
Let h(x) = 4*x - 21. Determine h(7).
7
Let f(i) = 6*i + 281. Determine f(-44).
17
Let r(b) = -21*b**2 - 251*b + 13. Give r(-12).
1
Let k(v) = 151*v - 2122. Give k(14).
-8
Let p(s) = -s**2 - 5*s + 47. What is p(-10)?
-3
Let l(q) = 19*q - 17. What is l(5)?
78
Let x(a) = -a**2 + 9*a - 20. Give x(8).
-12
Let u(w) = w**3 + 38*w**2 - 79*w + 45. What is u(-40)?
5
Let h(z) = -z**3 + 6*z**2 + 5*z - 5. Give h(7).
-19
Let t(w) = w**2 + 3*w + 7. Calculate t(-3).
7
Let g(c) = c**3 - 5*c**2 + 8*c - 15. Give g(4).
1
Let x(d) = -d**3 + 6*d**2 - 7*d - 1. Calculate x(3).
5
Let c(b) = -b**2 - 44*b - 90. What is c(-42)?
-6
Let o(f) = -f**3 + 4*f**2 + 8*f - 7. Calculate o(6).
-31
Let a(w) = -14*w + 844. Calculate a(61).
-10
Let y(j) = -2*j**3 - 29*j**2 - 23*j - 123. Give y(-14).
3
Let q(y) = -2*y**2 + 7*y + 10. What is q(-2)?
-12
Let w(t) = t**2 + 2*t - 13. Give w(2).
-5
Let u(i) = -2*i**2 - i + 2. Give u(-3).
-13
Let r(x) = -x - 1. Determine r(-3).
2
Let r(u) = u**2 + 26*u + 32. Give r(-25).
7
Let z(u) = -5*u**2 + 220*u. What is z(44)?
0
Let s(l) = l**3 - 11*l**2 - 6*l + 25. Calculate s(11).
-41
Let f(z) = z**3 + 3*z**2 - 7*z - 4. What is f(-4)?
8
Let u(p) = p**2 - 5*p + 4. Determine u(8).
28
Let d(t) = -3*t - 18. Calculate d(-4).
-6
Let q(y) = -2*y**2 - 8. Determine q(-4).
-40
Let j(q) = q - 17. Determine j(16).
-1
Let f(d) = d**2 - 9*d + 9. What is f(9)?
9
Let p(f) = 3*f**2 + 3*f + 4. Give p(-3).
22
Let p(y) = -3*y + 4. What is p(-6)?
22
Let y(j) = -j**3 + 6*j**2 + 4*j - 1. Calculate y(3).
38
Let p(a) = 14*a**3 + a + 2. Give p(-2).
-112
Let a(y) = 12*y - 1. Give a(1).
11
Let g(o) = -o**3 - 29*o**2 + o + 24. Give g(-29).
-5
Let j(i) = 2*i**2 + 3*i + 1. Calculate j(-4).
21
Let d(y) = -y**2 + 39*y + 85. Give d(41).
3
Let m(w) = -3*w**2 + 43*w + 24. Calculate m(15).
-6
Let b(k) = -23*k + 460. What is b(20)?
0
Let r(w) = 30*w + 353. Calculate r(-12).
-7
Let u(w) = 3*w**3 - 3*w**2 + 3*w - 6. Determine u(3).
57
Let y(r) = 6*r - 6. Calculate y(2).
6
Let g(c) = -c**2 - 4*c + 9. Calculate g(-8).
-23
Let a(z) = 24*z - 15. Calculate a(1).
9
Let t(o) = -o + 9. Determine t(9).
0
Let r(w) = 7*w**2 + 5*w - 1. Give r(-2).
17
Let l(h) = 2*h**2 - 4*h + 3. Calculate l(1).
1
Let z(d) = -d**2 + 10*d + 6. Determine z(7).
27
Let m(u) = 2*u**2 + 11*u + 31. Determine m(-6).
37
Let d(k) = k**2 - 11*k - 4. Calculate d(8).
-28
Let m(o) = -o**3 - 12*o**2 + 12*o + 23. Determine m(-13).
36
Let d(x) = -3*x**3 + 5*x**2 - 8*x + 7. Determine d(2).
-13
Let z(x) = x**3 + 4*x**2 + 6. What is z(-4)?
6
Let d(k) = 9*k + 221. Give d(-25).
-4
Let n(w) = -2*w - 72. Determine n(-6).
-60
Let i(a) = -41*a**2 - a. Determine i(-1).
-40
Let u(d) = -d**3 - 5*d - 8. Give u(-2).
10
Let k(y) = -2*y**3 + 2*y**2 + 2*y - 4. What is k(2)?
-8
Let o(c) = c**2 + 17*c + 27. Give o(-15).
-3
Let p(g) = g**3 + 8*g**2 - 10*g + 5. Calculate p(-9).
14
Let w(v) = -v**3 + 27*v**2 + 30*v - 56. Give w(28).
0
Let s(k) = 10*k - 40. Give s(9).
50
Let h(g) = -g**2 + 11*g - 7. Give h(11).
-7
Let y(r) = -2*r**2 - r. Give y(1).
-3
Let o(q) = -q + 2. Give o(-6).
8
Let w(i) = i**2 - 9*i - 6. Determine w(5).
-26
Let p(j) = -j**3 - 11*j**2 + 16*j - 12. Determine p(-13).
118
Let l(n) = 22*n**3 - 2*n**2 - n + 2. What is l(1)?
21
Let i(x) = 41*x - 37. Calculate i(1).
4
Let o(c) = c**3 - 4*c**2 + 6*c - 11. Calculate o(6).
97
Let d(q) = -31*q**2 - 1. Calculate d(-1).
-32
Let z(r) = -6*r + 2. Determine z(-2).
14
Let d(q) = -2*q**2 - 29*q - 16. What is d(-14)?
-2
Let q(k) = 2*k**3 - 27*k**2 + 12*k - 11. What is q(13)?
-24
Let l(w) = -w**3 + 8*w**2 - 2*w + 19. Give l(8).
3
Let o(j) = -j - 3. Calculate o(4).
-7
Let v(r) = -3*r**2 - 24*r - 43. What is v(-2)?
-7
Let c(m) = 2*m + 58. Calculate c(-33).
-8
Let x(i) = -i**2 - 13*i + 56. What is x(-17)?
-12
Let g(o) = 2*o**3 + o**2 - 3*o. What is g(-2)?
-6
Let y(m) = m**2 - 14*m + 45. Give y(10).
5
Let b(c) = 7*c**2 + 27*c + 5. Determine b(-4).
9
Let v(m) = m**2 - 2*m - 3. What is v(-4)?
21
Let h(x) = -5*x**2 - 3*x + 2. Give h(1).
-6
Let f(k) = -k**3 + 5*k**2 - 6*k + 2. Calculate f(5).
-28
Let p(f) = 13*f**2 + 6*f + 5. Determine p(-1).
12
Let z(y) = -y**2 + 13*y - 13. What is z(10)?
17
Let n(v) = -v**2 + 28*v. What is n(21)?
147
Let p(a) = 4*a**2 + 7*a - 8. Determine p(1).
3
Let a(b) = 2*b**3 - 56*b**2 + 52*b + 45. Determine a(27).
-9
Let k(q) = 9*q - 85. Give k(9).
-4
Let o(t) = -3*t + 52. What is o(20)?
-8
Let m(r) = 10*r - 40. What is m(6)?
20
Let r(j) = j**2 + 18. Give r(0).
18
Let v(k) = -21*k**2 - 3*k + 2. Determine v(1).
-22
Let f(a) = -2*a + 11. Calculate f(0).
11
Let m(x) = -x**3 - 9*x**2 - 4*x + 5. Determine m(-4).
-59
Let w(b) = -2*b**2 - 5*b + 1. What is w(-4)?
-11
Let u(v) = -v**2 - 13*v + 11. Determine u(-11).
33
Let p(a) = 4*a + 2. What is p(-2)?
-6
Let f(h) = 4*h - 3. Determine f(7).
25
Let b(o) = 2*o**3 + 2*o**2 - 2*o - 1. Give b(3).
65
Let z(r) = 23*r - 384. Calculate z(17).
7
Let z(l) = 13*l - 5. Calculate z(5).
60
Let o(t) = t**2 + 3*t - 112. Determine o(-12).
-4
Let y(o) = -o**3 - 6*o**2 - 2*o - 6. Determine y(-6).
6
Let y(r) = 18*r - 1. Give y(-1).
-19
Let s(d) = -d**3 + 11*d**2 + 13*d - 5. Give s(12).
7
Let m(o) = 9*o**2 + 3*o - 2. What is m(1)?
10
Let n(h) = -38*h**3 + 2*h**2 + 3*h + 1. Calculate n(-1).
38
Let c(b) = -2*b - 12. Give c(-3).
-6
Let d(h) = 3*h**2 + 96*h + 74. Give d(-31).
-19
Let r(f) = f**3 - f**2 + 2*f + 37. Calculate r(0).
37
Let j(u) = -21*u - 3. What is j(-3)?
60
Let s(v) = -2*v**3 - 30*v**2 + 34*v + 33. Determine s(-16).
1
Let x(z) = 6*z - 23. What is x(4)?
1
Let w(p) = -5*p + 39. What is w(12)?
-21
Let n(m) = -2*m - 10. Give n(-8).
6
Let o(k) = -k**2 - 6*k - 9. Calculate o(-4).
-1
Let m(p) = -p**2 + 23*p - 16. Give m(22).
6
Let c(i) = -23*i**2 - i + 1. Give c(1).
-23
Let c(b) = -8*b**2 - 3*b. Determine c(-3).
-63
Let i(t) = -t**2 + 13. Determine i(6).
-23
Let z(g) = g**3 - 15*g**2 - 14*g - 13. Determine z(16).
19
Let l(a) = -a**3 + 28*a**2 - 27*a - 3. Give l(27).
-3
Let z(q) = 19*q + 2. Calculate z(-1).
-17
Let k(d) = d**2 - 18*d. Determine k(18).
0
Let f(n) = -3*n**3 - 13*n**2 - 3*n + 1. Give f(-4).
-3
Let x(n) = -n**3 - 3*n**2 + n - 2. Determine x(-4).
10
Let k(y) = 10*y**2 - 2*y - 2. What is k(-1)?
10
Let p(n) = 27*n - 9. Determine p(2).
45
Let r(c) = 2*c**2 + 2*c - 4. Calculate r(4).
36
Let m(g) = 6*g**2 + 32*g - 27. What is m(-6)?
-3
Let c(a) = -a**2 + 6*a + 5. Calculate c(4).
13
Let j(b) = -b**3 + 8*b**2 - 7*b - 2. Determine j(7).
-2
Let y(q) = 18*q + 228. What is y(-12)?
12
Let r(u) = -u**3 - 7*u - 27. Determine r(-3).
21
Let w(j) = j**2 + 16*j + 18. What is w(-1)?
3
Let s(f) = -f**3 - 7*f**2 - 9*f - 9. Give s(-6).
9
Let j(k) = -k**2 - 8*k + 12. Calculate